ase 8?
116
Convert 143 (base 7) to base 13.
62
Convert 173461 (base 8) to base 4.
33130301
224 (base 9) to base 4
2320
What is -4967 (base 16) in base 3?
-221202222
What is -194 (base 15) in base 14?
-1c0
Convert 344542 (base 6) to base 5.
1421312
Convert 22817 (base 9) to base 4.
3232030
-2025 (base 11) to base 3
-10200121
-43505 (base 6) to base 8
-13601
What is 100120 (base 3) in base 13?
16b
What is 25001 (base 10) in base 2?
110000110101001
-3041 (base 5) to base 3
-112200
Convert 200211 (base 3) to base 7.
1324
Convert 1100011001011 (base 2) to base 11.
4850
What is 20253 (base 6) in base 15?
bec
Convert 23032 (base 4) to base 8.
1316
Convert 7ca3 (base 16) to base 15.
96c2
What is -436c (base 15) in base 3?
-201120210
Convert -1112010121 (base 3) to base 2.
-111010100100010
What is 4661 (base 12) in base 16?
1ea9
Convert -26cb (base 16) to base 5.
-304211
What is 33633 (base 9) in base 5?
1204021
2413 (base 8) to base 14
683
-5992 (base 13) to base 7
-51544
What is -11011000001100 (base 2) in base 6?
-144020
Convert -1379a (base 12) to base 13.
-c406
What is 721 (base 15) in base 9?
2174
-10110000111 (base 2) to base 11
-1077
356 (base 16) to base 7
2330
Convert 387 (base 12) to base 11.
447
What is 11b1 (base 13) in base 9?
3388
What is -5013 (base 9) in base 10?
-3657
fc0 (base 16) to base 5
112112
-23134 (base 6) to base 9
-4464
Convert 102212201 (base 3) to base 7.
34150
1ba (base 12) to base 2
100011110
-2523 (base 6) to base 7
-1554
What is 516 (base 7) in base 13?
16b
What is -10103311 (base 4) in base 2?
-100010011110101
-20144 (base 5) to base 16
-513
Convert 22845 (base 9) to base 11.
10521
Convert -10201100 (base 3) to base 8.
-5225
-39a (base 11) to base 16
-1d8
What is -22261 (base 7) in base 13?
-2740
Convert -41c (base 14) to base 13.
-4a4
-6006 (base 10) to base 11
-4570
Convert -3000 (base 6) to base 3.
-220000
What is -10001111000100 (base 2) in base 13?
-4224
What is -8014 (base 12) in base 8?
-33020
Convert a21 (base 15) to base 6.
14321
What is -4422 (base 5) in base 2?
-1001100100
What is -4560 (base 8) in base 7?
-10021
3240 (base 6) to base 16
2e8
Convert -1413 (base 13) to base 3.
-10222000
8de (base 15) to base 12
11b5
-13716 (base 11) to base 5
-1110443
Convert -26a6 (base 16) to base 5.
-304034
340453 (base 7) to base 8
165543
Convert -d47 (base 16) to base 8.
-6507
What is 184 (base 12) in base 4?
3310
What is -4d (base 16) in base 11?
-70
What is -c5a7 (base 13) in base 10?
-27346
Convert -2b0 (base 16) to base 12.
-494
What is 122122 (base 3) in base 14?
260
Convert 1111211 (base 3) to base 5.
13402
What is -1010111000 (base 2) in base 6?
-3120
What is -202 (base 3) in base 13?
-17
Convert 183 (base 14) to base 13.
1ac
What is 29650 (base 10) in base 4?
13033102
Convert -2eab (base 16) to base 7.
-46555
Convert -6514 (base 7) to base 14.
-bb4
Convert 11101 (base 2) to base 8.
35
Convert 3cb4 (base 15) to base 6.
140054
What is -14521 (base 6) in base 11?
-184a
What is 4b5a (base 12) in base 13?
3b8c
Convert 66 (base 15) to base 4.
1200
Convert -224 (base 11) to base 10.
-268
What is 1ad7 (base 16) in base 15?
2081
-121 (base 8) to base 5
-311
What is 3041 (base 8) in base 2?
11000100001
Convert -112d3 (base 14) to base 11.
-293a3
Convert 25507 (base 8) to base 3.
120012100
-205011 (base 6) to base 10
-16639
a0 (base 11) to base 12
92
Convert 24193 (base 10) to base 6.
304001
18ba (base 14) to base 4
1011330
What is -101200 (base 4) in base 2?
-10001100000
-36365 (base 7) to base 6
-111435
Convert 1000011100111 (base 2) to base 11.
3284
-5d (base 14) to base 3
-10002
What is 2211221 (base 4) in base 7?
42623
Convert -135 (base 11) to base 10.
-159
Convert -8c82 (base 15) to base 16.
-747e
-2d2 (base 15) to base 16
-287
What is e9 (base 15) in base 7?
432
What is 47bc (base 13) in base 11?
7676
-101 (base 9) to base 14
-5c
16a (base 14) to base 2
100100010
Convert 11000001010 (base 2) to base 3.
2010021
2013 (base 10) to base 16
7dd
101100101100 (base 2) to base 12
17a4
What is 20123 (base 4) in base 6?
2255
-27b0 (base 14) to base 13
-3267
Convert da0 (base 15) to base 14.
1199
Convert 145a (base 11) to base 15.
855
Convert -1062 (base 7) to base 3.
-112100
What is -13011 (base 5) in base 15?
-471
Convert -136 (base 10) to base 8.
-210
What is 49a4 (base 12) in base 15?
2707
Convert 120303 (base 4) to base 3.
2011210
Convert -5454 (base 6) to base 13.
-75a
-306 (base 8) to base 4
-3012
1204214 (base 5) to base 12
10b96
Convert -200013 (base 5) to base 3.
-22120210
Convert 4346 (base 13) to base 2.
10010010001001
What is -1667 (base 8) in base 2?
-1110110111
What is 101101010100111 (base 2) in base 5?
1220312
Convert 35636 (base 9) to base 11.
16a0a
What is -1010222 (base 3) in base 10?
-836
What is 5d50 (base 15) in base 2?
100110110100011
Convert -22210 (base 4) to base 8.
-1244
Convert 48a (base 13) to base 7.
2206
-110001100 (base 2) to base 4
-12030
What is -111303 (base 4) in base 3?
-1220200
-9b (base 13) to base 6
-332
-1120332 (base 4) to base 3
-21210220
-23 (base 12) to base 10
-27
What is -31564 (base 8) in base 9?
-20055
-120122102 (base 3) to base 11
-8629
What is 164453 (base 7) in base 16?
8033
Convert 1251 (base 8) to base 11.
56a
Convert 101010011010 (base 2) to base 15.
c0e
-19cb2 (base 13) to base 5
-3104012
What is 140242 (base 5) in base 14?
210d
What is 10320 (base 4) in base 3?
102120
Convert 3301 (base 4) to base 2.
11110001
32c (base 13) to base 15
265
What is 3a09 (base 12) in base 4?
1213221
Convert -68a6 (base 14) to base 11.
-12726
Convert -30034 (base 6) to base 7.
-14254
-10757 (base 8) to base 7
-16246
Convert 2c4 (base 13) to base 6.
2150
What is -1000111001 (base 2) in base 14?
-2c9
Convert 100010110101010 (base 2) to base 6.
214322
What is 16a (base 14) in base 15?
145
What is 1100010001111 (base 2) in base 5?
200122
Convert -26880 (base 9) to base 10.
-18216
Convert 344 (base 9) to base 11.
238
What is -101001110110100 (base 2) in base 3?
-1002101122
1875 (base 15) to base 13
2537
-975 (base 10) to base 4
-33033
Convert -2000121 (base 3) to base 16.
-5c2
1052 (base 7) to base 3
112002
-1435 (base 9) to base 15
-4c5
Convert -24632 (base 7) to base 11.
-4971
Convert -1b0 (base 12) to base 3.
-101020
1001110001011 (base 2) to base 11
3839
What is -230321 (base 6) in base 15?
-5be1
What is -939 (base 10) in base 3?
-1021210
a15 (base 12) to base 2
10110110001
What is -21ab2 (base 12) in base 9?
-67368
100100010011100 (base 2) to base 9
27443
-4cc (base 13) to base 4
-31030
What is -103320001 (base 4) in base 13?
-2b093
-5c2 (base 13) to base 7
-2632
13 (base 13) to base 16
10
11246 (base 8) to base 5
123044
Convert -2157 (base 13) to base 5.
-122020
What is 116 (base 13) in base 16?
bc
What is -386c (base 13) in base 4?
-1331201
What is -416 (base 10) in base 11?
-349
What is -3c27 (base 16) in base 11?
-1062a
-315 (base 12) to base 3
-121122
-110011000111 (base 2) to base 6
-23051
-b6b (base 16) to base 4
-231223
Convert -30620 (base 7) to base 12.
-441b
Convert 1221002 (base 3) to base 14.
726
Convert -3620 (base 16) to base 11.
-a457
Convert -225b (base 12) to base 8.
-7347
591 (base 12) to base 13
4ba
-10100100011 (base 2) to base 8
-2443
Convert 1001001100 (base 2) to base 9.
723
What is 1010201102 (base 3) in base 6?
251402
What is 64793 (base 10) in base 7?
356621
What is 2b8ab (base 12) in base 10?
61763
Convert 1a4 (base 16) to base 7.
1140
Convert 1311 (base 10) to base 9.
1716
Convert 120232 (base 4) to base 14.
810
What is 110110011 (base 2) in base 12?
303
Convert -202021 (base 3) to base 2.
-1000100011
What is b0d (base 15) in base 3?
10102011
Convert 26123 (base 8) to base 13.
521b
What is -326 (base 12) in base 3?
-122010
What is 2025 (base 10) in base 2?
11111101001
-2fa (base 16) to base 3
-1001020
1101101 (base 2) to base 4
1231
434 (base 7) to base 2
11011101
Convert -11221121 (base 3) to base 4.
-320113
-10046 (base 8) to base 9
-5603
What is 10002 (base 13) in base 11?
1a507
What is 140204 (base 5) in base 14?
20d9
What is -40750 (base 9) in base 14?
-9b04
Convert -89 (base 12) to base 3.
-10220
-4a (base 14) to base 12
-56
Convert 998 (base 11) to base 2.
10010101100
What is 110000000 (base 3) in base 7?
34335
Convert a9c (base 14) to base 4.
20030